-230
What is -51a (base 13) in base 11?
-71a
What is -31552 (base 8) in base 11?
-9986
45b0 (base 14) to base 12
7012
What is 28ab (base 12) in base 15?
160e
What is 10001 (base 2) in base 12?
15
What is 2056 (base 11) in base 14?
dc7
What is 10c (base 15) in base 10?
237
What is 102211 (base 3) in base 14?
18b
What is 111120 (base 3) in base 9?
446
-202122101 (base 3) to base 13
-6b08
Convert 2030211 (base 4) to base 16.
2325
What is 1440 (base 7) in base 13?
348
222b (base 12) to base 4
323003
25 (base 11) to base 13
21
What is a34 (base 14) in base 4?
133112
What is -560 (base 10) in base 9?
-682
What is -4214 (base 5) in base 9?
-681
What is -2510 (base 7) in base 9?
-1252
Convert -13057 (base 12) to base 10.
-25987
What is 1 (base 8) in base 14?
1
57106 (base 9) to base 4
21101223
What is 294 (base 16) in base 3?
220110
What is 1110111100 (base 2) in base 10?
956
-920 (base 16) to base 15
-a5b
Convert -10020 (base 8) to base 5.
-112422
Convert -238a (base 16) to base 14.
-345c
Convert 77251 (base 8) to base 11.
223a8
Convert -4263 (base 14) to base 3.
-120201021
Convert -22564 (base 7) to base 6.
-42431
What is 3321010 (base 4) in base 12?
9284
What is 511 (base 12) in base 15?
33d
24332 (base 8) to base 14
3b50
-5d4 (base 16) to base 7
-4231
What is 3002022 (base 4) in base 11?
9377
-2b065 (base 13) to base 14
-21924
12640 (base 10) to base 8
30540
-b2 (base 15) to base 16
-a7
What is -91 (base 10) in base 8?
-133
What is -49063 (base 10) in base 16?
-bfa7
What is -1020111 (base 3) in base 16?
-388
What is 2cac (base 15) in base 16?
258c
What is -1103 (base 5) in base 16?
-99
-2a83 (base 13) to base 7
-24023
What is -1030043 (base 5) in base 8?
-42163
Convert -945 (base 11) to base 7.
-3214
Convert 212 (base 13) to base 14.
1b3
What is -293 (base 11) in base 7?
-1001
What is 12234 (base 5) in base 4?
32300
20031 (base 4) to base 7
1350
What is 63622 (base 8) in base 15?
7cc9
7197 (base 15) to base 6
303024
61126 (base 8) to base 2
110001001010110
-111011001001 (base 2) to base 7
-14015
What is -48c (base 14) in base 15?
-408
What is 114 (base 13) in base 8?
272
What is 342 (base 8) in base 4?
3202
-7d0 (base 14) to base 16
-612
-1421 (base 14) to base 4
-313211
What is -2222020 (base 3) in base 12?
-1306
What is 2025 (base 11) in base 12?
1681
What is 411 (base 9) in base 2?
101001110
Convert 1013301 (base 5) to base 2.
100000100111101
What is -1111110011 (base 2) in base 6?
-4403
-4565 (base 10) to base 16
-11d5
What is 54084 (base 9) in base 10?
35797
Convert 6ea2 (base 16) to base 13.
cb78
What is -1101000110100 (base 2) in base 9?
-10173
-1466 (base 7) to base 15
-292
Convert -ab1 (base 12) to base 6.
-11141
What is 9d2 (base 14) in base 13?
b6b
Convert 430 (base 12) to base 2.
1001100100
-106a (base 16) to base 15
-13a2
Convert 2a0 (base 14) to base 4.
20110
Convert 2011 (base 4) to base 14.
97
What is -10783 (base 10) in base 15?
-32dd
Convert 7b91 (base 12) to base 2.
11010111011101
Convert 6008 (base 12) to base 15.
311b
What is -1010011001 (base 2) in base 6?
-3025
Convert -ff2 (base 16) to base 7.
-14621
What is 4050 (base 6) in base 11?
743
-689 (base 16) to base 10
-1673
What is -55425 (base 6) in base 13?
-368c
Convert -285 (base 9) to base 4.
-3233
Convert -3171 (base 13) to base 11.
-516a
1249 (base 10) to base 16
4e1
What is 10011001101 (base 2) in base 16?
4cd
Convert 10020200 (base 3) to base 2.
100100111111
308 (base 11) to base 15
19b
What is -c (base 13) in base 8?
-14
What is -10355 (base 7) in base 5?
-40323
f76 (base 16) to base 8
7566
What is 23003 (base 4) in base 12?
4ab
-20132 (base 5) to base 7
-3524
Convert -1100111011111110 (base 2) to base 15.
-10a7a
Convert -3964 (base 10) to base 9.
-5384
What is 220 (base 5) in base 6?
140
What is -514 (base 16) in base 15?
-5ba
What is -466 (base 8) in base 10?
-310
What is -21322 (base 6) in base 14?
-10d4
-11986 (base 10) to base 13
-55c0
What is -51352 (base 8) in base 12?
-1034a
2092 (base 16) to base 2
10000010010010
What is -532 (base 13) in base 14?
-474
What is 5835 (base 11) in base 12?
4525
Convert -12322 (base 8) to base 4.
-1103102
Convert -1146 (base 13) to base 8.
-4570
Convert 1c9 (base 13) to base 11.
284
Convert -a57 (base 15) to base 10.
-2332
What is 1120 (base 5) in base 12?
114
100110110 (base 2) to base 6
1234
Convert 1225 (base 7) to base 3.
122001
What is -1013233 (base 4) in base 10?
-4591
-22072 (base 8) to base 6
-110534
-13021 (base 4) to base 12
-321
What is 10100222 (base 3) in base 14?
c76
-939 (base 12) to base 13
-7c2
12314 (base 5) to base 9
1275
Convert -833 (base 16) to base 15.
-94e
What is 1b90 (base 12) in base 7?
12654
What is c8d (base 16) in base 4?
302031
What is -113008 (base 9) in base 15?
-15155
Convert -3187 (base 10) to base 5.
-100222
What is -210222212 (base 3) in base 16?
-3ea2
Convert -144 (base 7) to base 10.
-81
What is 114a8 (base 11) in base 7?
66215
675 (base 9) to base 16
22a
What is 3420 (base 5) in base 15?
225
-1222212 (base 5) to base 13
-a886
-3678 (base 15) to base 4
-2311010
Convert -108b (base 12) to base 5.
-24320
What is 111532 (base 6) in base 10?
9488
Convert -147 (base 10) to base 6.
-403
Convert -66 (base 14) to base 13.
-6c
-ff (base 16) to base 10
-255
635 (base 10) to base 4
21323
Convert -1648 (base 9) to base 13.
-75b
What is 14340 (base 5) in base 3?
1200012
-3ab (base 12) to base 11
-472
What is 8b (base 15) in base 3?
11212
Convert 104 (base 12) to base 7.
301
83b (base 13) to base 14
722
Convert -11322023 (base 4) to base 2.
-101111010001011
1112322 (base 4) to base 16
15ba
Convert 657 (base 12) to base 8.
1643
-223153 (base 7) to base 11
-27779
Convert -121112 (base 5) to base 12.
-2758
-157 (base 11) to base 9
-223
What is -10002212 (base 4) in base 15?
-4d85
-5f1 (base 16) to base 7
-4302
78a (base 13) to base 3
1210001
22302 (base 5) to base 6
11145
-8614 (base 11) to base 5
-331024
Convert 1da (base 15) to base 7.
1153
-10111110111110 (base 2) to base 6
-132330
Convert 1303 (base 5) to base 11.
175
Convert -75534 (base 8) to base 14.
-b71a
736 (base 8) to base 4
13132
245 (base 8) to base 3
20010
Convert 210120 (base 3) to base 6.
2410
What is -2718 (base 10) in base 2?
-101010011110
What is -952 (base 11) in base 16?
-47a
-1000001111 (base 2) to base 8
-1017
Convert 3877 (base 9) to base 13.
1426
What is 575 (base 15) in base 11?
a23
Convert 4dc (base 15) to base 3.
1112000
4250 (base 6) to base 8
1706
38321 (base 11) to base 2
1101011010101101
What is -100000010000101 (base 2) in base 3?
-211122202
-9f9f (base 16) to base 9
-62043
10122100 (base 3) to base 2
101001011111
What is 33241 (base 5) in base 16?
911
Convert 506 (base 12) to base 14.
39c
-102211 (base 4) to base 8
-2245
Convert -11120102 (base 3) to base 9.
-4512
-35c (base 13) to base 7
-1463
What is -2152 (base 13) in base 8?
-11026
What is 9a0 (base 15) in base 14?
b15
1004 (base 8) to base 2
1000000100
Convert 2a2 (base 13) to base 6.
2102
Convert -11112 (base 4) to base 16.
-156
769 (base 16) to base 7
5350
What is -1495 (base 11) in base 6?
-12515
What is -342 (base 11) in base 10?
-409
-3451 (base 8) to base 2
-11100101001
-32730 (base 10) to base 16
-7fda
Convert 205 (base 11) to base 6.
1051
2a8a4 (base 12) to base 4
32221330
What is -78342 (base 9) in base 14?
-14d72
Convert -439 (base 15) to base 6.
-4230
Convert 10c (base 16) to base 10.
268
Convert -3021 (base 5) to base 6.
-1442
What is 31302 (base 5) in base 15?
937
1001111010 (base 2) to base 13
39a
What is -141344 (base 7) in base 9?
-40845
Convert 11110100010011 (base 2) to base 11.
10824
Convert -1900 (base 11) to base 13.
-1142
3251 (base 11) to base 3
12212221
What is -3996 (base 13) in base 3?
-102022000
What is -32563 (base 7) in base 11?
-6166
114406 (base 7) to base 11
14683
Convert -2765 (base 13) to base 2.
-1011000011100
-4 (base 10) to base 14
-4
What is -303146 (base 7) in base 8?
-144515
Convert 338 (base 9) to base 13.
185
-5479 (base 12) to base 4
-2101131
86 (base 14) to base 3
11101
Convert -1623 (base 7) to base 2.
-1010001110
What is -a1ac (base 15) in base 7?
-201345
Convert 2250 (base 9) to base 2.
11010000001
What is 12b43 (base 12) in base 14?
95ab
588 (base 13) to base 10
957
Convert -10305 (base 6) to base 4.
-112001
-a0b (bas